{"id":181,"date":"2011-02-03T18:06:59","date_gmt":"2011-02-03T18:06:59","guid":{"rendered":"http:\/\/demo.studiopress.com\/genesis\/?page_id=181"},"modified":"2018-11-06T23:03:51","modified_gmt":"2018-11-06T21:03:51","slug":"columns","status":"publish","type":"page","link":"http:\/\/www.buntes-puppenkarussell.at\/?page_id=181","title":{"rendered":"Die Puppenspielerin"},"content":{"rendered":"<p>Julia Schumacher-Fritz begeistert seit 1990 Gro\u00df und Klein mit ihrer Puppenb\u00fchne dem \u201cBuntes Puppenkarussell\u201d.<\/p>\n<blockquote><p>\u201cDas Puppentheater spricht alle Sinne an. Eine Stunde lang nehme ich die Kinder aber auch die Erwachsene mit in eine Welt voller Fantasie, Spannung und Abenteuer\u201d. <em>(Zitat Julia)<\/em><\/p><\/blockquote>\n<h3>Studien und Ausbildungen:<\/h3>\n<ul>\n<li>3-Jahresausbildung bei \u00d6ster. Bundesverband f. Amateurtheater<\/li>\n<li>Musikschule Innsbruck \/ Stimmbildung \/ Klavier \/ Klarinette<\/li>\n<li>Sozialakademie (Dipl.)<\/li>\n<li>Spielp\u00e4dagogik<\/li>\n<li>Kindergartenp\u00e4dagogik (Dipl.)<\/li>\n<li>Fr\u00fchf\u00f6rderung in der Kinderkrippe<\/li>\n<\/ul>\n<h3>Berufspraxis<\/h3>\n<ul>\n<li>Seit 1990 mobile B\u00fchne und 18 Jahre fixes Theater \u201eBuntes Puppenkarussell\u201c zuerst am S\u00fcdtiroler Platz und ab 2003 bis 2015\u00a0 im ehemaligen Integrationshaus Gumppstra\u00dfe mit 2 w\u00f6chentlichen Vorstellungen \u00fcber das ganze Schuljahr;<\/li>\n<li>20 Jahre Kindergartenp\u00e4dagogin<\/li>\n<li>2009 \u2013 2015 Aufbau und Leitung der multikulturellen Kinderkrippe \u201emu-ku-ki\u201c<\/li>\n<li>Leitung v. Fortbildungen f. P\u00e4dagogen\/innen z. Thema \u201eGrundlagen i. Puppenspiel\u201c<\/li>\n<li>Unterricht in berufsbildenden Schulen im Fach &#8222;Puppenspiel&#8220;\n<p><strong>Seit 2015 ausschliesslich ganzj\u00e4hrig mobile Handpuppen-B\u00fchne<\/strong><\/li>\n<\/ul>\n","protected":false},"excerpt":{"rendered":"<p>Julia Schumacher-Fritz begeistert seit 1990 Gro\u00df und Klein mit ihrer Puppenb\u00fchne dem \u201cBuntes Puppenkarussell\u201d. \u201cDas Puppentheater spricht alle Sinne an. Eine Stunde lang nehme ich die Kinder aber auch die Erwachsene mit in eine Welt voller Fantasie, Spannung und Abenteuer\u201d. (Zitat Julia) Studien und Ausbildungen: 3-Jahresausbildung bei \u00d6ster. Bundesverband f. Amateurtheater Musikschule Innsbruck \/ Stimmbildung [&hellip;]<\/p>\n","protected":false},"author":1,"featured_media":759,"parent":2,"menu_order":0,"comment_status":"open","ping_status":"closed","template":"","meta":{"_genesis_hide_title":false,"_genesis_hide_breadcrumbs":false,"_genesis_hide_singular_image":false,"_genesis_hide_footer_widgets":false,"_genesis_custom_body_class":"","_genesis_custom_post_class":"","_genesis_layout":"full-width-content"},"_links":{"self":[{"href":"http:\/\/www.buntes-puppenkarussell.at\/index.php?rest_route=\/wp\/v2\/pages\/181"}],"collection":[{"href":"http:\/\/www.buntes-puppenkarussell.at\/index.php?rest_route=\/wp\/v2\/pages"}],"about":[{"href":"http:\/\/www.buntes-puppenkarussell.at\/index.php?rest_route=\/wp\/v2\/types\/page"}],"author":[{"embeddable":true,"href":"http:\/\/www.buntes-puppenkarussell.at\/index.php?rest_route=\/wp\/v2\/users\/1"}],"replies":[{"embeddable":true,"href":"http:\/\/www.buntes-puppenkarussell.at\/index.php?rest_route=%2Fwp%2Fv2%2Fcomments&post=181"}],"version-history":[{"count":9,"href":"http:\/\/www.buntes-puppenkarussell.at\/index.php?rest_route=\/wp\/v2\/pages\/181\/revisions"}],"predecessor-version":[{"id":741,"href":"http:\/\/www.buntes-puppenkarussell.at\/index.php?rest_route=\/wp\/v2\/pages\/181\/revisions\/741"}],"up":[{"embeddable":true,"href":"http:\/\/www.buntes-puppenkarussell.at\/index.php?rest_route=\/wp\/v2\/pages\/2"}],"wp:featuredmedia":[{"embeddable":true,"href":"http:\/\/www.buntes-puppenkarussell.at\/index.php?rest_route=\/wp\/v2\/media\/759"}],"wp:attachment":[{"href":"http:\/\/www.buntes-puppenkarussell.at\/index.php?rest_route=%2Fwp%2Fv2%2Fmedia&parent=181"}],"curies":[{"name":"wp","href":"https:\/\/api.w.org\/{rel}","templated":true}]}}